se -4*m + 6 = -2*m. Let a be 160/(-64)*16/(-10). Let c = a + m. Calculate the remainder when 26 is divided by c.
5
Suppose -5*g - 8*y = -3*y + 800, 15 = -3*y. Let x = g + 264. Calculate the remainder when x is divided by 28.
25
Let q(h) = h**3 + 9*h**2 - 2*h - 34. What is the remainder when q(-4) is divided by 14?
12
Suppose 5*s - 5*i - 235 = 0, 4*s + 3*i - 187 = 6*i. What is the remainder when (-7 - 1)*(63/(-9) - 10) is divided by s?
44
Let n(x) = -x**2 + 51*x - 267. What is the remainder when n(41) is divided by 18?
17
Suppose 2501 = 2*b - 3*d, -8*b + 2480 = -6*b + 4*d. Calculate the remainder when b is divided by 39.
37
Suppose -y + 11 = 6, 135 = 2*u - 3*y. Let d(g) = 4*g. Let v be d(-4). Let w = v + u. What is the remainder when w is divided by 20?
19
Let t = -1671 + 2379. Let g = t + -491. Calculate the remainder when g is divided by 44.
41
Suppose 5*y + h - 42 = 0, 3*y + 2*h - 3*h - 22 = 0. Let v(m) = -m**2 - 3*m + 6. Let g be v(5). Let b = g + 48. Calculate the remainder when b is divided by y.
6
Let w = 5 - 1. Suppose 3*t - w*t = -21. Let u = 42 + -1. Calculate the remainder when u is divided by t.
20
Let s(k) = -9*k**2 + 30*k**2 + 1 - 2. Suppose -5*z = -6*z + 11. Calculate the remainder when s(1) is divided by z.
9
Suppose -i + 4*i - 115 = -5*d, i = -4*d + 92. Calculate the remainder when d is divided by (9 - 16 - -5)*(-1 + -3).
7
Let u(f) = -3 + 4*f**2 - 1 + 8*f + 3. Suppose 0 = -2*d + 4*a, -3*a = -5*d - 4*a - 33. Calculate the remainder when u(d) is divided by 33.
29
Suppose 0*c - 10 = -2*c. Let f(v) be the first derivative of -v**2/2 + 29*v + 4. Calculate the remainder when f(21) is divided by c.
3
Let b be -2 + 1 + 3 - 8. Suppose 25*m + 54 = 28*m. Let h = b + m. Calculate the remainder when 34 is divided by h.
10
Suppose -7*o + 16 = 23. What is the remainder when (15/20)/o*-8 is divided by 4?
2
Let z = 21 + -11. Let c = 82 - 63. What is the remainder when c is divided by z?
9
Suppose z - x - 4 = x, 2*x + 28 = 4*z. Suppose 1 = n - z. Let y = n - 6. What is the remainder when 10 is divided by y?
1
Suppose 6*n = n - 20, -3*h - n = -8. What is the remainder when 59 is divided by h?
3
Let r = -180 + 292. Calculate the remainder when r is divided by 39.
34
Let o(h) = h**3 - 15*h**2 + 9*h - 26. What is the remainder when o(15) is divided by 19?
14
Suppose -h + 27 - 73 = -2*p, -8 = -2*h. Let c(q) = 7*q + 57. Let f be c(-21). Let d = 99 + f. What is the remainder when p is divided by d?
7
Let h = 19 - -11. What is the remainder when h is divided by 9?
3
Suppose 66 = 2*p - 0*p. Let g = 99 + -64. Suppose 31*o + 72 = g*o. What is the remainder when p is divided by o?
15
Suppose -27*p + 361 = -125. Calculate the remainder when 1005 is divided by p.
15
Suppose 0 = 6*c - 380 + 80. Calculate the remainder when c is divided by 10.
0
Let n = -10 + 36. Suppose -4*y - n = -62. Calculate the remainder when 25 is divided by y.
7
Let i(l) = -l**2 + 10*l - 22. Let r be i(7). Calculate the remainder when 35 is divided by 18/1*(0 - r).
17
Calculate the remainder when (-102)/(-612) + (-9430)/(-12) is divided by 36.
30
Suppose 3*g + 14 = 2. Let x = 17 + g. Calculate the remainder when 2/(-9) - (-688)/18 is divided by x.
12
What is the remainder when 781 is divided by (4459/14)/(-13)*8/(-7)?
25
Suppose -3*w - 5*t = -706, -2*w + 3*t + 212 + 284 = 0. Calculate the remainder when w is divided by 13.
8
Let l = -2 - -2. Suppose 0 = -r - l + 3. Suppose -674*s + 814*s = 1400. Calculate the remainder when s is divided by r.
1
Let u(x) = 2*x**2 + 28*x - 173. Calculate the remainder when u(-23) is divided by 9.
7
Let u = -1457 + 1598. Calculate the remainder when 556 is divided by u.
133
Let j be 2/(5 - -1) - (-55)/15. Suppose -j*i + 61 = -z, 2*i - 5*z - 10 = 7. Calculate the remainder when i is divided by 9.
7
Let i be 2 + -4 + -1 - -10. Suppose -i*a = -10*a + 18. What is the remainder when a is divided by 2?
0
Suppose 2*d + d - 84 = 0. Let f(y) = y**3 - 23*y**2 + 10. What is the remainder when d is divided by f(23)?
8
Let d(k) = k**3 + 3*k**2 + 4. Let a be d(-3). Suppose -w - a*w = 3*i - 77, i = -3*w + 47. Calculate the remainder when (-4)/((-32)/234) + 3/4 is divided by w.
14
Let u be ((-1)/(-3))/(24/(-72)). Let g(s) = s**2 - 3*s - 6. Let l be g(-5). Let o = l - u. Calculate the remainder when o is divided by 12.
11
Suppose 0 = -4*m + 207 + 381. Suppose -2*b = -45 - 107. Let l = m - b. What is the remainder when l is divided by 18?
17
Calculate the remainder when (-76)/(0/(-6) - 1) is divided by 16.
12
Suppose 3*i + 40 = -2. Let b = i - -24. Let g = -51 - -69. Calculate the remainder when g is divided by b.
8
Let w(a) = 4*a - 35. Calculate the remainder when 303 is divided by w(13).
14
Suppose 539 = -17*s + 1270. Suppose 2*t - 22 = -0*t. Calculate the remainder when s is divided by t.
10
Let s = 486 + 5. Calculate the remainder when s is divided by 82.
81
Let s(q) = q**2 + 5. Let u(m) = 2*m**3 + 22*m**2 - 30*m + 11. Calculate the remainder when u(-12) is divided by s(-4).
20
Let h(s) = 2*s. Suppose 308 = -d + 15*d. Calculate the remainder when d is divided by h(3).
4
Suppose -4*f - 133 = -5*b - 6*f, -2*f = -3*b + 83. Let o = 11 + -4. Calculate the remainder when b is divided by o.
6
What is the remainder when 17 is divided by (-14)/(-49) - ((-10)/14 - 1)?
1
Let b = 9 - 15. Let j be (124/b)/(2/(-6)). Suppose -4*h = -30 - j. What is the remainder when 43 is divided by h?
20
Let n = 2 - -6. Suppose 15 = 5*u - 2*f, 4 = -3*u + 5*f - 6. Suppose u*d - 138 = -d. Calculate the remainder when d is divided by n.
7
Let a = 285 + -254. What is the remainder when a is divided by 24?
7
Let z = -2 + 7. Let r be (4 - (z - 2)) + 4. Suppose -r*c - 4 = -c, 0 = -2*a - c + 39. Calculate the remainder when 75 is divided by a.
15
Let o = -171 - -193. Suppose -3*p = 2*r - 28, -13 - 37 = -5*p - 4*r. What is the remainder when o is divided by p?
4
Suppose -4*k + h = -21 - 219, 5*h - 325 = -5*k. Let w = k - 44. Calculate the remainder when 83 is divided by w.
15
Let t(p) = p**3 + 3*p**2 - p + 2. Let h be t(0). Suppose -5*r = 4*n - 11, h*r - 2 = -n + 3. What is the remainder when 17 is divided by r?
2
Suppose 73 = -5*v - 137. What is the remainder when v/28 - (-29)/2 is divided by 7?
6
Calculate the remainder when 203 is divided by 24/(-20)*(8 + -33).
23
Suppose 3*f - 13 + 1 = 0. Let l = f + -1. Suppose -l*s + 2*a + 46 = 0, s + 5*a - 18 = -s. What is the remainder when 53 is divided by s?
11
What is the remainder when 40 is divided by ((-119)/21 + 1)*-3?
12
Suppose 3*x + 2*w = -4 - 6, 0 = -5*x + w + 5. Suppose -2*g - g = x. Suppose -69 = -a + p + 8, g = -3*p. What is the remainder when a is divided by 16?
13
Let s = 551 + -392. Let k = -89 + s. What is the remainder when k is divided by 36?
34
Suppose -12 = 6*z - 0*z. Let j(f) = 5*f**2 + 6*f + 4. Let k(h) = 3*h**2 + 3*h + 2. Let d(b) = -3*j(b) + 7*k(b). What is the remainder when d(z) is divided by 7?
6
Suppose u + 2*r - 3 = r, 0 = -2*r - 10. Let b(h) = 7*h**2 + 9*h**2 + 4*h - 1 - 4*h. What is the remainder when b(1) is divided by u?
7
Suppose -2*r = -18 - 62. Let q = r - 28. Let u(z) = -2*z**2 + 48*z - 204. Calculate the remainder when u(17) is divided by q.
10
Suppose 0 = -5*j + 25*j - 3740. What is the remainder when j is divided by 16?
11
Suppose 3*q - 74 = -y, -3*y = -3*q + 11 + 55. What is the remainder when 81 is divided by q?
9
What is the remainder when (130/6)/((-23)/(-69)) is divided by 17?
14
Let s(t) = -3*t - 15. Let f be s(-6). Suppose -5*a = 5*k - 75, f*k = 2*a + 2*k - 30. Suppose 40 = 3*c + 2*c. Calculate the remainder when a is divided by c.
7
Let g = -6 + 12. What is the remainder when g is divided by (4/8)/(1/4)?
0
Suppose -4*v + 6 + 22 = 0. Suppose -10*q = -6*q - 368. Let z = q - 65. What is the remainder when z is divided by v?
6
Let a(l) = 3*l**2 + 4*l - 1. Let s(v) = v**2 + v - 1. Let g(j) = -3*a(j) + 12*s(j). What is the remainder when 31 is divided by g(3)?
13
Let p(s) = 28*s**2 - 3*s - 13. Calculate the remainder when p(-4) is divided by 15.
12
Let d(q) = 8*q - 9 - 7*q + 11*q - q**2 + 0*q. Suppose 0 = -g - 3*f - 7, 3*g - 41 = 4*f + 3. Calculate the remainder when d(g) is divided by 12.
11
Let k(w) = -w**3 + 7*w**2 - 5. What is the remainder when 131 is divided by k(4)?
2
Let j(m) = m - 6. Let v be j(0). Let h(t) b